2*u - 8*r - 14 = -3*r. Give o(u).
17
Let k(o) = -o**3 + 20*o**2 + o - 24. Let p be k(20). Let t(g) = -2*g + 1. What is t(p)?
9
Let j = -14 + 11. Let m(w) be the first derivative of 7*w**2/2 - 3*w + 2. Let s(f) = 8*f - 3. Let g(l) = -6*m(l) + 5*s(l). Determine g(j).
9
Let l(c) = 5*c. Let b(q) = 11*q + 1. Let k be 1 + 7/((-21)/30). Let d(w) = k*l(w) + 4*b(w). Calculate d(-3).
7
Let t(m) = -6*m - 1. Let y = 1232 + -1236. Calculate t(y).
23
Let h(c) = -c**3 - c**2 - 12. Let j be h(0). Let b be (-3)/(j/3 + 3). Let n(x) = 4*x - 2*x - b + 2 + 3 + x**2. Determine n(-2).
2
Let d(t) = t + 14. Let x(q) = q**2 + 4*q + 2. Let k be x(-4). Suppose j + 5*h = 19, 44 = -4*j + k*h + 2*h. Give d(j).
8
Let r(y) = -y. Suppose 5*m = -872 + 887. Give r(m).
-3
Let y(m) be the second derivative of -m**4/12 + 2*m**3/3 - 3*m**2/2 + 27*m. Determine y(5).
-8
Let y be 11/(3/6*-1). Let p(d) = -d + 14. Let b be 10*2/4 + -3. Let c(s) = 1. Let t(j) = b*p(j) + y*c(j). Give t(4).
-2
Let p be (-20)/(-10) + 5 + 1. Let n be -4 + 1 - p/1. Let i = n - -17. Let l(k) = -k**3 + 7*k**2 - 6*k - 7. What is l(i)?
-7
Let w(r) = 0*r + 11*r + 6*r + r**3 - 10*r - 3 - 10*r**2. What is w(9)?
-21
Let i(f) be the first derivative of 21 + 5/2*f**2 - 3*f. Determine i(2).
7
Let j(y) = 4*y**2 + y. Suppose -22 = -3*l + 68. Suppose 0 = a + 3*v - 2, -5*a = -0*a - 5*v - l. Suppose -5*w + 0*w - a = 0. What is j(w)?
3
Let u(y) be the third derivative of -y**7/840 - y**6/60 - y**5/120 + y**4/4 + 29*y**3/6 + 24*y**2. Let w(n) be the first derivative of u(n). Give w(-6).
12
Let a(v) be the third derivative of 1/2*v**3 + 0 + 1/60*v**5 + 6*v**2 - 7/24*v**4 + 0*v. Let w be (0 - -1)*(14 + -8). What is a(w)?
-3
Let p = -25 - -27. Let k be 0/5*p/(-4). Let i(s) be the third derivative of s**6/120 - s**5/60 - s**4/24 - 2*s**3/3 - 2*s**2. Give i(k).
-4
Let l(a) = 8*a**3 - 3*a**2 - a + 1. Let u be 8/72 + 10*3/(-27). Give l(u).
-9
Let m(q) = -30*q + 5*q**2 + 13*q - 2*q**2 - 4 + 8*q + 2. Calculate m(3).
-2
Let p(b) = 2*b**2 - 9*b + 9. Let s be ((-174)/203)/(1/(-7)). What is p(s)?
27
Let p(m) be the second derivative of -m**5/20 - 7*m**4/6 + m**3/6 + 3*m**2 + 2*m - 17. Determine p(-14).
-8
Let q = 22 + -33. Let y = q + 13. Let l(k) = 3*k - 3*k - 1 + 2*k - 3*k**y + k**3. What is l(3)?
5
Suppose 2*x - 5*r - 28 = -3*r, -r = 3*x - 26. Let z(b) = b**3 - 11*b**2 + 11*b - 3. What is z(x)?
7
Let g(b) = -45*b + 141. Let x be g(3). Let w(y) = -5*y + 19. Calculate w(x).
-11
Let l(u) = -8*u**2 + 17*u**3 - 16*u**3 - u + 3*u + 6*u. What is l(7)?
7
Let h(j) = j + 13. Let q be h(-8). Let o(k) = 7*k**2 + 29*k**3 + 2*k - 7*k - 30*k**3 + q. What is o(6)?
11
Let o(p) be the third derivative of p**4/6 - 13*p**3/6 - 11*p**2 - 5*p. Give o(14).
43
Let o(t) = -9*t + 90. Let m be o(9). Let q(r) = r**3 - 8*r**2 - 7*r - 10. What is q(m)?
8
Let b be (-4)/3*7/((-7)/(-39)). Let w = b - -56. Let x(a) = -a**3 + 4*a**2 - 5*a + 5. Give x(w).
-15
Let x(g) = 4*g**2 - 9*g - 10. Let h(b) = 5*b**2 - 10*b - 10. Let w(c) = 3*h(c) - 4*x(c). Calculate w(8).
-6
Let c(h) be the second derivative of -17*h**5/20 - h**3/3 + h**2/2 - 1966*h. Let g(k) = k - 5. Let u be g(6). What is c(u)?
-18
Let f(c) = 2*c**2 - 12*c - 143. Let s be f(12). Let y(k) be the second derivative of k**4/4 + k**3/3 - k**2/2 - 3*k. Determine y(s).
4
Let v be (-2)/6*(4 - (-11 - -3)). Let k(q) = q**2 + 4*q - 3. Determine k(v).
-3
Let q(p) = p**2 - p - 1. Let r(h) = -h**3 - 22*h**2 + 21*h - 39. Let c(o) = 4*q(o) + r(o). Calculate c(-19).
-5
Let c be 2*(-2 + 3) - (-55)/5. Suppose -c*q - 17 = -4. Let i(j) = -2*j. Give i(q).
2
Let d be (-233 + 234)/(18/10 + -2). Let x(z) be the second derivative of z**3/3 + 3*z**2 - z. Determine x(d).
-4
Suppose 0 = 6*t - 155 + 149. Let a(x) = 1 - x**3 + x**2 + 9*x**3 + 3*x**3 + 6*x**3 - x. What is a(t)?
18
Let w(f) be the first derivative of -f**4/4 + f**3 + 2*f**2 + 3*f + 6. Let r(j) = -2*j**3 + 6*j**2 + 8*j + 7. Let y(x) = 4*r(x) - 9*w(x). Determine y(4).
1
Let l(z) = 13*z**3 + 5*z**2 + 12*z + 5. Let i(y) = 50*y**3 + 18*y**2 + 47*y + 19. Let b(v) = 6*i(v) - 23*l(v). Suppose 2*a - 3 = 9. Give b(a).
-1
Let o(i) = 2*i**2 - 17*i + 7. Let b(m) = -m**3 - 13*m**2 + m + 21. Let s be b(-13). Give o(s).
-1
Let q(g) = -g**2 - 8*g - 3. Let x be q(-7). Let l(d) be the third derivative of d**6/120 - d**5/20 - d**4/8 - 2*d**3/3 - 28*d**2. What is l(x)?
0
Let f(a) be the second derivative of a**4/12 - 4*a**3/3 - 6*a**2 - a. Let r = -6319 + 6328. Give f(r).
-3
Let c(t) = t**2 + 8*t + 12. Let i(l) = -15*l + 56. Let b be i(4). What is c(b)?
-4
Suppose -5*h + w - 11 = 0, 2*h - h - w + 3 = 0. Let g(y) = -5*y + 5 - 1 + 9*y - 3. What is g(h)?
-7
Let l(a) = -2*a**2 + 14*a + 8. Let j(t) = -63*t - 182. Let o be j(-3). What is l(o)?
8
Let d(f) be the first derivative of -f**3/3 - f**2 - 73. What is d(-6)?
-24
Let k(s) = -s**2 - 10*s - 13. Let r = -223 - -213. Calculate k(r).
-13
Suppose -155 + 59 = 4*b. Let j = b + 29. Suppose j*g - 5*o + 11 = -2*o, 0 = -5*g - 5*o + 5. Let v(c) = c**3 - c**2 + c + 1. Calculate v(g).
-2
Let h(j) = -j + 9. Let f be h(8). Let d(n) = 9 + 9 - 12*n**2 + 9*n**2 - 17. Calculate d(f).
-2
Let j(k) be the third derivative of 0 - 5*k**2 - k + 3/8*k**4 + 0*k**3 - 1/60*k**5. Determine j(6).
18
Suppose 3*k - 132 = k. Let y(d) = -69 - 4*d**2 + 5*d + k + 5*d**2. Give y(-4).
-7
Let h(u) be the second derivative of -u**6/15 - u**5/60 + u**4/24 + u**3/6 + 11*u**2 + 8*u. Let x(p) be the first derivative of h(p). What is x(-1)?
7
Let g be (-1)/(-4)*(-8 - -10). Let l(a) be the first derivative of 0*a + 1 - g*a**2. Determine l(-3).
3
Let j(r) = -2*r - 3. Suppose 6 + 3 = -3*d, -28 = -5*z - 4*d. Let o be ((-24)/(-15))/((-20)/(-50)). Suppose 2*u - o = -z. Calculate j(u).
1
Let f(j) = 2*j**2 + 4*j - 6. Let q be f(-5). Suppose -u = 3*u - 2*y - q, -35 = -5*u + 5*y. Let b(m) = -4*m**3 + u*m**2 + m**2 + 5*m**3 + 4. Determine b(-6).
4
Let j(t) = t**2 - 7*t + 3. Suppose 0 = 12*w - 21 - 39. Calculate j(w).
-7
Let b(n) be the second derivative of n**4/12 + n**3/2 + 5*n**2/2 + 16*n. Let x(s) = -5*s**2 - 14*s - 14. Let k be x(-1). Determine b(k).
15
Let h(w) be the first derivative of w**2 - 10*w - 227. What is h(4)?
-2
Let w(y) be the second derivative of -7*y + 0*y**3 - y**2 + 1/12*y**4 + 0. Determine w(3).
7
Let l(o) = 2*o**2 + o + 3. Let n be l(-2). Let c(s) = 0*s - 6 + n - s - s. Let b be (-2)/6*(-2 - 13). Calculate c(b).
-7
Let n be (-4)/11*(-187)/34. Suppose 2 = 5*j - s + 5*s, 2*j - 6 = s. Let t(o) = 0*o**n + 1 - o**j + 5 + 7*o. Calculate t(8).
-2
Suppose 0 = 5*f - 10 - 5. Suppose 3 = g - f. Let a(k) = k - 3. Calculate a(g).
3
Let f(s) = -s**2 - 8*s + 24. Let a = -667 + 656. Calculate f(a).
-9
Suppose -23*c + 69 = 230. Let b(f) = f**2 + 7*f - 9. Determine b(c).
-9
Let a(o) = -3*o + 3. Let p be (-416)/(-128) + 3/4. Suppose -4*x = -4*w - 0*w - p, -3*w = -2*x + 1. Determine a(x).
-3
Let x = 10 - 9. Let b be -5*x - 2/(-1). Let m be (-5)/(4 + b - 0). Let v(z) = z + 5. Calculate v(m).
0
Suppose 18 = 2*h - 4*t, -57*h + 4*t + 9 = -58*h. Let n(m) be the second derivative of m**3/2 - m**2 - m. Determine n(h).
7
Let d = 83 + -81. Let a(b) = b + 6*b + b**d - 10 + 19 - 10. What is a(-6)?
-7
Let s(z) = 2*z**3 - 10*z**2 - 9*z - 3. Let c(p) = -p**3 + 5*p**2 + 4*p + 3. Let f(m) = -7*c(m) - 3*s(m). What is f(5)?
-17
Let d(b) be the third derivative of b**5/60 - b**4/6 - 2*b**3/3 - b**2. Let l = -973 + 979. What is d(l)?
8
Let w = -195 - -196. Let q(a) = -20*a - 1. Calculate q(w).
-21
Let m = 2679 - 1867. Let c(n) = m - n - 817 + 2*n. Determine c(8).
3
Let l(d) = -9*d**2 + 7*d + 10. Let p(q) = -20*q**2 + 16*q + 21. Let i(g) = 9*l(g) - 4*p(g). What is i(-5)?
-14
Let d(b) = -6*b - 1. Let l = 36 - 34. Suppose 7 = -4*h + 3*q - 9, 5*h - l*q + 13 = 0. Determine d(h).
5
Suppose -2*s + 6*s = 8. Suppose s*u - 2*y - 6 = 0, -3*u - 5*y - 15 = 2*u. Let w(z) = 1 + 8*z**2 + z**3 + 4*z**2 - 7*z**2 + 4*z + u*z. Calculate w(-3).
7
Let c(g) = -2*g**3 - 20*g**2 - 19*g + 8. Let m(r) = r**3 + 10*r**2 + 9*r - 4. Let a(q) = 2*c(q) + 5*m(q). Determine a(-9).
14
Let b(a) = -27*a**2 - 4*a + 2. Let q(y) = -42*y**2 - 6*y + 3. Let m(l) = 8*b(l) - 5*q(l). Determine m(-2).
-19
Let i(v) = v**3 + 53*v**2 - 59*v - 278. Let t be i(-54). Let x(n) = n**2 + 7*n + 5. What is x(t)?
13
Let r(a) be the first derivative of 4*a**3 - 2 - 11/4*a**4 + 7